266/12) + 5160/105 is divided by 15?
5
Calculate the remainder when 50 is divided by ((-3)/(-6))/(24/16) + 208/6.
15
Let l(d) = 108*d - 2 + 11 + 0 - 5. Suppose 2*n = m - 39, 3*n = 2*m + 2*n - 63. What is the remainder when l(1) is divided by m?
25
Let b = -9067 - -9132. What is the remainder when 476 is divided by b?
21
Let x be 0/2 + (105/(-3) - -2). Let t be (-4 - 4/3)/(2/x). Let g = 117 - t. Calculate the remainder when 53 is divided by g.
24
Let p be (-6)/9*(-410 + -7). Suppose 274*v - p*v = -24. What is the remainder when 23 is divided by v?
5
Suppose -5*m - 3*x = -51, 4*m - m - 3*x - 45 = 0. Let l = -24 - -36. What is the remainder when 4/m - (-134)/3 is divided by l?
9
Suppose 2*t - 9*r = -6*r + 114, -4*t + 5*r = -230. Suppose t*k = 72*k - 216. What is the remainder when 69 is divided by k?
15
Let u(h) = h**2 + 4*h - 9. Let s be u(-6). Let k be (((-4)/s)/(-2))/(2/9). What is the remainder when 28/10*k*(-10)/(-3) is divided by 16?
12
Let y = -6147 + 6162. What is the remainder when 2369 is divided by y?
14
Let w = -1121 + 1242. What is the remainder when 1572 is divided by w?
120
Let u(z) = -3*z + 10. Let a be u(4). Let h be -1 + (-2 - (a - 2)). Calculate the remainder when 76 is divided by (2/6)/h*(-117)/(-3).
11
Let x(c) be the third derivative of -c**4/3 + c**3/2 - 8*c**2. What is the remainder when x(-3) is divided by -3 - (-3 + (-50)/(1 - -4))?
7
Let x = -193 - -327. What is the remainder when x is divided by 15?
14
Let d(z) be the first derivative of z**4/4 - 16*z**3/3 - 9*z**2 + 44*z + 32. What is the remainder when 102 is divided by d(17)?
21
Suppose 1071*n - 172600 = 1031*n. What is the remainder when n is divided by 144?
139
Let h(v) = 2*v**2 + 72*v + 13. Let y be h(-35). What is the remainder when y/5*-1 - (-392)/(-980) is divided by 4?
3
Suppose 30*i - 539 = 631. What is the remainder when 59 is divided by i?
20
Let a(m) be the second derivative of -m**3/2 + 73*m**2/2 + 31*m. Let b be a(24). Calculate the remainder when (2/b - 3)/(1/(-267)) is divided by 54.
51
Let w(c) = 777*c**3 - c**2 + 2*c - 1. Calculate the remainder when w(1) is divided by (-18)/24*320/20 + 32.
17
Let q(k) be the first derivative of -k**3/3 + k**2/2 + 75*k + 6. Suppose -h + 40 = -n - 4*n, 5*h = -4*n + 84. What is the remainder when q(0) is divided by h?
15
Let p = 401 - 2. Let u = -391 + p. What is the remainder when 118 is divided by u?
6
Suppose -2*r - 15 = -7*r. Let k = 24 - 0. What is the remainder when k is divided by (7 + -10)/(r/(-7))?
3
Suppose -1951*n - 71 - 51 = -1953*n. Calculate the remainder when 1205 is divided by n.
46
Let p(d) = 80*d + 2. Let y(f) = 160*f + 5. Let t(h) = -5*p(h) + 2*y(h). Calculate the remainder when t(-1) is divided by 21.
17
Let t(y) = -964*y - 4792. What is the remainder when 1930 is divided by t(-5)?
26
Let l(z) = -86*z - 82. What is the remainder when l(-2) is divided by 32?
26
Suppose 8*u - 4*u - 115 = -n, -3*u = -5*n - 92. Calculate the remainder when 56 is divided by u.
27
Let p = -41 - -45. Suppose -p*q + 585 = -19. Suppose -2*r = -t + 35, -4*r = -5*t - 2*r + q. What is the remainder when 114 is divided by t?
27
Let c = -240 + 198. Let j = c - -146. Calculate the remainder when j is divided by 27.
23
What is the remainder when (-2 + 616/33)/2*228 is divided by 68?
64
Suppose -2*d + g = -3409, -2388*d + 4*g = -2393*d + 8516. What is the remainder when d is divided by 37?
2
Let w = -9193 - -10522. Calculate the remainder when w is divided by 95.
94
Suppose 20*b - 26*b + 264 = 0. Suppose b*p + 490 = 49*p. Calculate the remainder when 584 is divided by p.
94
Suppose 2*z - 4*z = -8, 5*r + z - 114 = 0. Let x(k) = 4*k - 12. Let i(n) = 3*n - 12. Let s be i(6). What is the remainder when r is divided by x(s)?
10
Let w(b) = -12 - b + 3*b + 6. Let m be w(3). Let o = 14 + m. Calculate the remainder when 27 is divided by o.
13
Let n = 327 - 310. Suppose 0 = 23*q - n*q - 1068. Suppose 7*v + 200 = 5*m + 2*v, 0 = -2*m - 2*v + 100. Calculate the remainder when q is divided by m.
43
Let s(u) = u**3 - 9*u**2 + 13*u - 12. Let m(q) = -82*q - 21. Let b be m(5). Let i = 447 + b. What is the remainder when s(8) is divided by i?
12
Let r = -670 + 692. Calculate the remainder when 109 is divided by r.
21
Let c(l) = l**2 + 21*l - 139. Let v be c(-26). Let s(w) = -w**2 - 12*w - 6. What is the remainder when 544 is divided by s(v)?
19
Let l = -15 - -15. Suppose -d + 52 + 46 = l. Let j = d + 8. Calculate the remainder when j is divided by 36.
34
Suppose 0 = 2*y + 16 - 24. Suppose -3*g + y*g = 7. Suppose o - g = 2*a, 4*o - a = -2*a + 10. What is the remainder when 6 is divided by o?
0
Let w = 8 - 8. Suppose -3*g - 30 + 39 = w. Suppose -q - g*c = q - 41, -4*q = 2*c - 62. What is the remainder when 75 is divided by q?
10
Let h = 55 - 23. Suppose -3*q = -25 - h. What is the remainder when 24/9*(-276)/(-8) is divided by q?
16
Suppose 6399 = -25*q + 21*q + 83*q. Calculate the remainder when 628 is divided by q.
61
Let y(a) = -2*a**3 + 6*a - 11. Let o be y(-6). Suppose 2*h - 4*s - 390 = 0, 4*h - o = 2*h + 5*s. Calculate the remainder when h is divided by 52.
49
Let k(o) = 14*o**2 - 48*o - 8. What is the remainder when 599 is divided by k(5)?
89
Let l(d) = 7*d**2 + 83*d + 728. Calculate the remainder when l(-12) is divided by 54.
38
Let s(a) = -a**2 - 11*a + 12. Suppose 5*b = -2*y + 146 + 262, 4*y - 228 = -3*b. Calculate the remainder when b is divided by s(-10).
18
Let b(r) = -7*r - 5. Let k be b(-1). Suppose -k*f - a + 21 + 36 = 0, -3*a - 159 = -5*f. What is the remainder when f is divided by (-134)/(-8) - 2/(-8)?
13
Suppose -5*n = -5, 8*o - 62 = 5*o + 4*n. Let x = 57 - o. What is the remainder when x is divided by 11?
2
Let q = 5801 - 5549. Calculate the remainder when q is divided by 91.
70
Suppose -195*z + 1606 = -6584. Calculate the remainder when ((-1)/(-3))/1*249 is divided by z.
41
Suppose 0 = 3*a - 4*a - 3*u - 5, -5*u = 15. Let s = 273 - 220. Suppose t = s - 47. Calculate the remainder when t is divided by a.
2
Suppose 0 = -276*s + 296*s - 480. Suppose 27*b - 3772 = 4*b. What is the remainder when b is divided by s?
20
Let x(b) = 122*b - 2158. What is the remainder when 2050 is divided by x(26)?
22
Let b(j) = -18*j - 178. Let g be b(-20). Suppose -3*u = -7*r + 9*r - g, -3*r = 3*u - 267. What is the remainder when 339 is divided by r?
84
Suppose 9 = 9*r - 0*r. Let o be r + 497/21 + (-2)/(-6). Suppose n - 31 - o = 3*p, 0 = 3*n - 5*p - 164. What is the remainder when n is divided by 11?
9
Let p(t) = 48*t - 22. Let d be p(3). Let c = 131 - d. Calculate the remainder when 25 is divided by c.
7
Let n = 66 + -64. Suppose n*l - 140 = -0*l. Suppose -5*k = d + d - l, k - 5*d = 14. Calculate the remainder when 30 is divided by k.
2
Suppose 3*h = 2*v + 354, v - 108 = -18*h + 17*h. What is the remainder when h is divided by 41?
32
Let q = 3 - 1. Suppose 3*f - 7*f = -8, -k + q*f = -18. What is the remainder when 86 is divided by k?
20
What is the remainder when 880 is divided by (8/(-18) - 23989/(-414))/((-4)/(-8))?
75
Suppose -7*j + 13 = -3*j - t, 4*t + 1 = -j. Suppose -4*h + 8 = 0, -5*a + 3*a = j*h - 28. What is the remainder when 195 is divided by a?
8
Suppose -5*b = -4*l - 290 + 40, -5*b + 245 = -3*l. Let x(y) = -y - 4. What is the remainder when b is divided by x(-18)?
4
Let k(w) = 3*w**2 + 18*w + 14. Let s be k(-7). Suppose 0 = -2*x - 3*y - 5, -s = -4*x + 7*y - 4*y. What is the remainder when 17 is divided by x?
2
Let h(r) = r**3 - 2*r**2 + 4*r - 6. Let g be h(2). Suppose -74 = -5*s - 4*t + g*t, -5*t = 15. What is the remainder when 62 is divided by s?
14
Let u = 10522 - 10480. Calculate the remainder when 165 is divided by u.
39
Let b(u) = 16*u**2 + 4*u + 37. Let o be b(-6). Suppose 4*y - 604 = 3*f, o - 129 = 3*y - 4*f. Calculate the remainder when y is divided by 19.
15
Suppose 2*b = 5*c - 2637, 0 = -23*b + 21*b - 12. What is the remainder when c is divided by 275?
250
Let r be (-2)/3*(-3 - 0). Suppose -u - 16 = r*n + 2*n, -4*u + 12 = -3*n. Suppose u = -4*c + 41 + 11. What is the remainder when 114 is divided by c?
10
Suppose 95 = 6*n - n - 5*y, 0 = -3*n + y + 51. Let l = -5791 + 5980. What is the remainder when l is divided by n?
13
Suppose i + 4*i - 290 = 0. Let k = 5595 + -5574. What is the remainder when i is divided by k?
16
Let l = 57